e
Is 3 a factor of (-8)/10 + 13354/165*3?
False
Let h(w) = -13*w - 3. Let o be h(-3). Suppose q - 38 = 5*a - 13, -4*q + 4*a = -o. Suppose -b - 5*l = -35, 40 = 6*b - 2*b - q*l. Does 15 divide b?
True
Let m(x) = -7*x + 6. Let j(g) = g**3 + 6*g**2 + 3*g. Let h be j(-6). Let w = h - -12. Is m(w) a multiple of 16?
True
Suppose n = 2*n - 45. Suppose n = -5*m + 8*m. Suppose -m*d - 60 = -16*d. Does 9 divide d?
False
Let k be (1 + 1)/(-2) - -1. Let a = -1988 + 2012. Suppose k = 3*y - 156 - a. Does 20 divide y?
True
Let j = -23 - -26. Suppose -48 = -j*h + 3*k, h - 11 = -k + 7. Is 17 a factor of h?
True
Suppose -21*h = -22*h. Suppose h = -i + 3 + 3. Is 3 a factor of i?
True
Suppose -4*p + 13 = -3*u - 5, 5*p - 9 = -3*u. Suppose 5*c + 6*z - 7*z = 95, -p*c + 57 = 4*z. Is c a multiple of 8?
False
Suppose -m + 4*b + 814 = 25, -2*b + 1608 = 2*m. Is m a multiple of 9?
True
Suppose 876 = 2*v + 2*x, -8*v - 5*x - 897 = -10*v. Is 49 a factor of v?
True
Suppose 0 = 5*u - k - 31, 3*k - 5 = -u - 2. Let x(j) = -13*j - 1. Let n(f) = 25*f + 2. Let p(a) = u*n(a) + 13*x(a). Does 25 divide p(-4)?
True
Let x(i) = i**2 - 18*i + 38. Let s be x(16). Suppose 0 = 9*u + s*u - 660. Is u a multiple of 7?
False
Let u(q) = q**3 - q - 3. Let c be u(0). Let m be 3/(0 + (-3)/c). Is 2 a factor of -5*(-2)/5*m?
True
Let m(d) = 4*d**3 + 6*d + 7. Let b be m(-3). Let v = -61 - b. Is 31 a factor of v?
False
Let q = 192 + -77. Is 5 a factor of q?
True
Is (-403)/117*-1137 - (-6)/9 a multiple of 85?
False
Let j be (0 - 1)/((-13)/65). Suppose 0 = 2*l - j*m + m - 112, -112 = -2*l - 5*m. Is 56 a factor of l?
True
Suppose 6 = -2*l, 2 = 5*z + l - 10. Suppose 3*m = -5*q + 133, 5*m + z*q - 211 = -0*q. Is m a multiple of 8?
False
Let d(v) be the third derivative of -v**5/60 - 9*v**4/8 - v**3/3 - 24*v**2. Is 12 a factor of d(-26)?
True
Suppose 6*g = 892 + 476. Suppose 5*z - 3*m = g, -3*m - m - 49 = -z. Is 11 a factor of z?
False
Suppose 3*r = -4*i + 5676, -4*i = -15*r + 12*r + 5652. Does 73 divide r?
False
Suppose -3*a + j - 217 = -4*a, -a + 4*j = -212. Suppose -5*u + 7*u = a. Does 36 divide u?
True
Let a = -1376 - -482. Is 25 a factor of (a/(-9))/((-4)/(-6))?
False
Let b(h) be the first derivative of 21*h**4 + h**3/3 - 3*h**2/2 + 2*h + 31. Is b(1) a multiple of 7?
True
Is (6960/(-4))/(-4) + 4 a multiple of 9?
False
Let k(r) = 3*r**2 - 7*r + 1. Let g be k(7). Suppose 0 = 2*m, 5*m - 21 = -4*l + g. Is 6 a factor of l?
True
Let w = 1789 + 828. Is 10 a factor of w?
False
Suppose -3*d - 57 = -8*d + 4*o, 4*d - 3*o - 46 = 0. Suppose r = 15 + d. Does 7 divide r?
True
Suppose 66 - 6 = -4*k. Let y = k + 21. Let g(n) = 5*n + 12. Is g(y) a multiple of 16?
False
Let j = 492 + 83. Does 23 divide j?
True
Suppose 7 = 2*d - 1. Suppose -54 = c - d*c. Suppose -2*g = c - 66. Is g a multiple of 8?
True
Let g = 116 - 194. Let p = -63 - g. Is p a multiple of 2?
False
Let t(c) = c**3 + 14*c**2 + 7*c + 65. Does 5 divide t(-10)?
True
Let k(n) = -3*n**3 - 8*n**2 - 6*n - 12. Is 56 a factor of k(-6)?
False
Let a be ((-1)/1 + 1)/1. Suppose 2*f + 5*w = -a*f - 3, 0 = 5*w - 5. Is 27 a factor of (891/(-44))/(1/f)?
True
Let r(c) = 29 + 14 + 17*c + 85 - 21*c. Is r(0) a multiple of 16?
True
Suppose -11*y - 32 = 5*y. Let z(p) = p**3 - p**2 + p + 2. Let g be z(0). Let l = g - y. Does 3 divide l?
False
Let x = -1187 - -1791. Suppose -2*d - 233 = o - x, 2*d = -4*o + 362. Does 17 divide d?
True
Let l(o) = 29*o - 238. Is l(18) a multiple of 52?
False
Suppose 0*u + 256 = u. Suppose 2*c = 4*c - u. Suppose -c = -2*a - 2*n, -a + 62 = -4*n + 18. Does 23 divide a?
False
Let j(l) = -13*l**3 - 5*l**2 - 3*l - 3. Let r be j(-3). Suppose -6*u = -2*u - r. Is 21 a factor of u?
False
Does 8 divide (40/(-35))/((-4)/14) + 548?
True
Suppose 3*m + 90 - 198 = 0. Suppose -w + m - 1 = 2*r, -3*r + 75 = -3*w. Is r a multiple of 10?
True
Let p(n) = n**3 - 16*n**2 + 34*n + 3. Does 28 divide p(15)?
False
Suppose -32*c = -20146 - 5230. Is 7 a factor of c?
False
Suppose 0*h = 5*h - 15, 5*h - 69 = -3*s. Let d(r) = 3*r**2 - 4*r - 1. Let f be d(5). Suppose -4*k + f = -s. Is k a multiple of 9?
True
Is 8 a factor of ((-24)/10)/(7*(-51)/127330)?
True
Suppose -39*s = -0*s - 117. Suppose n = 4*n - 6. Suppose -s = -n*l + 37. Is 5 a factor of l?
True
Let n(p) = 36*p**2 + p + 9. Is n(-4) a multiple of 47?
False
Let n(f) = -13*f + 14. Let v be n(-5). Suppose 18 = -y + v. Suppose 0*z - 3*z + y = -a, -3*a + 15 = 0. Is z a multiple of 13?
False
Suppose -4*f + 2*f + 6 = 0. Suppose -5 = -f*p + 16. Suppose 2*d + 3*v - p*v + 6 = 0, 0 = -5*v + 20. Does 5 divide d?
True
Let d be 4 - (-32)/((-4)/4 - -2). Suppose 9*i = -0 + d. Is i even?
True
Suppose -2935 + 943 = -12*r. Is 42 a factor of r?
False
Suppose 2*i - 8*b + 3*b - 766 = 0, 3*b = -i + 372. Does 14 divide i?
True
Is 7 a factor of 3*48/(-18) + 498?
True
Suppose 17*h - 10*h - 7 = 0. Does 6 divide (10/20)/(h/60)?
True
Suppose 6*k + 15 = 45. Suppose 4*x - 2*h - 168 = 2*x, 4*x - k*h = 336. Does 21 divide x?
True
Suppose 4*t + 3*n + 0*n - 996 = 0, 4*t = -n + 1004. Does 7 divide t?
True
Suppose -5*j = -s + 339, 3*s = 6*s + 4*j - 922. Suppose -5*b + 226 = -s. Does 18 divide b?
True
Suppose -2*y = -t - 60, 0*y = 3*y - 5*t - 104. Suppose 3*x = y + 11. Is x a multiple of 2?
False
Suppose -12*f + 8*f + 60 = 0. Let m be 24/(-20)*f/(-6). Suppose 4*x = -m*b + 44 + 280, 5*x - 5*b = 405. Is 15 a factor of x?
False
Let t(q) be the third derivative of 17*q**6/360 + 5*q**4/12 + 5*q**2. Let f(z) be the second derivative of t(z). Is f(1) a multiple of 19?
False
Is (-6 - 18/(-2)) + 979 a multiple of 11?
False
Suppose 4*t - 628 = -2*w, -9*w + 912 = -6*w - 4*t. Is w a multiple of 28?
True
Let a be (-37369)/8 - 10/(-80). Is 21 a factor of a/(-36) + (-2)/(-8)?
False
Let k(b) be the second derivative of b**5/20 - 5*b**4/3 + 10*b**3/3 - 6*b**2 + 24*b. Is 2 a factor of k(19)?
False
Suppose -46*a = 8997 - 90417. Does 35 divide a?
False
Suppose 5*h + 4*t + 1 = 0, 0 = -2*h + 6*t - 2*t + 22. Suppose -127 = -5*f - 3*m, 2*m = -f + h*f - 54. Does 26 divide f?
True
Let s = 109 - 101. Let x be ((-42)/4)/((-2)/(-4)). Let h = s - x. Is h a multiple of 15?
False
Let i be (((-105)/28)/(-5))/(1/4). Suppose t = -91 + 295. Does 15 divide t/12 + (1 - i)?
True
Let w(i) = -6*i**3 - 9*i**2 + 13*i + 5. Let f(k) = k**3 - k + 1. Let x(v) = -5*f(v) - w(v). Is 18 a factor of x(-9)?
False
Let c(i) = -i**2 + 8*i - 7. Let r be c(6). Suppose -r*h - 9 = -2*h. Does 14 divide 18/(-54) - 127/h?
True
Let u = -45 - -48. Suppose 9 = 3*f, u*n = -4*f + 31 - 4. Does 4 divide n?
False
Let s be -2 - 4/(16/(-36)). Suppose s*a - 2*a = 25. Suppose -5 = 3*r + 5*z - 3, 8 = -2*r - a*z. Does 3 divide r?
True
Let n = 573 + -21. Is 24 a factor of n?
True
Let b = 42 + -37. Suppose 20*g - b*g - 3915 = 0. Is 28 a factor of g?
False
Let c be -28*(2 - 1)*(-7 + -3). Suppose -3*z = -2*n + 165, 4*n - 2*z - c = 46. Is n a multiple of 14?
False
Let h(c) be the third derivative of -c**5/60 + c**4/6 + 11*c**3/3 + 3*c**2. Is h(0) a multiple of 11?
True
Let d(c) = -9 + 4 + 2 - 162*c. Is 53 a factor of d(-1)?
True
Suppose 9666 = 4*x + x - 3*l, 4*l + 3858 = 2*x. Let o be ((-1)/3)/((-15)/x). Suppose h = -3 + o. Is h a multiple of 10?
True
Let p(k) = 2*k**3 - 11*k**2 + 6*k - 49. Does 11 divide p(8)?
True
Let j(r) = r**3 - 3*r**2 - 2*r + 5. Let y be j(4). Suppose -5*o + 25 = 0, y = 2*s - 2*o - 23. Is s a multiple of 23?
True
Suppose -677 = -2*l - 2*l - a, 3*a = -5*l + 855. Suppose n = 3*n - l. Suppose -4*z - 1 + 75 = 3*k, -2*z - n = -4*k. Does 11 divide k?
True
Suppose m + 74 = 740. Is m a multiple of 18?
True
Let q be 77/21 - 4/6. Suppose q*g = -4*f + 386, 3*f - 4*g - 182 = f. Is 19 a factor of f?
True
Let j = -383 + 616. Is 12 a factor of j?
False
Let o be 30*(0 - 3/(-9)). Suppose -9*k + o*k - 396 = 0. Is 18 a factor of k?
True
Let w = 54 + -29. Suppose -5*l - w = 0, -c + 0*l + 5*l + 26 = 0. Does 14 divide c*-1 - (-116 - -11)?
False
Let w(s) = -9 + 23*s**3 + 19*s**3 - 4*s - 68*s**3 - 5*s**2 + 23*s**3. Is 17 a factor of w(-4)?
True
Is 13 a factor of (-124)/7*-27 + (-30)/105?
False
Let z(q) = 403*q + 13. Is z(5) a multiple of 52?
True
Let g(b) = -4*b**3 - b**2. Let i(o) = -5*o**3 - o - 1. Let a(s) = 6*g(s) - 5*i(s). Let l be a(5). Suppose -l*h + 60 = -h. Is 15 a factor of h?
True
Let x(b) = -b**2 + 5*b - 2. Let d(t) = 4*t - 5*t + 75 